ist the prime factors of x.
7
Suppose a - 554 - 144 = 0. What are the prime factors of a?
2, 349
Suppose 4*v = -2*q + 11 + 1, -2*q = 5*v - 13. Suppose 4*t - q*l = 0, t = -t - l + 6. Suppose -t + 12 = u. What are the prime factors of u?
2, 5
Let i(p) = p**3 + 22*p**2 - 7*p + 93. List the prime factors of i(-22).
13, 19
Let q = -2 - 6. Let w be 570/(-4)*q/6. What are the prime factors of w/8 + (-19)/(-76)?
2, 3
Let w(f) = -26*f - 245. What are the prime factors of w(-22)?
3, 109
Let i be (-6)/(-33) + (-8)/44 - -6. Suppose 0 = -2*q + i*q - 148. List the prime factors of q.
37
Suppose 0 = 3*r + 4*b + 11, -6*b + b = -3*r - 47. Let s = r - -21. What are the prime factors of s?
2, 3
Let k = -42 + 46. Suppose 2*i + 179 = w + k*i, 2*i = w - 195. List the prime factors of w.
11, 17
Let j be ((-4)/6)/(((-15)/5)/(-675)). Let v = j - -288. List the prime factors of v.
2, 3, 23
Let f = 33 + -20. Suppose -p + 25 = -0*n + 2*n, p = -5*n + f. Suppose 0 = -2*m - 5*s + p, -s + 15 = m + s. List the prime factors of m.
3
Let o(b) be the first derivative of -3 - 15/2*b**2 - 5*b - 1/3*b**3. What are the prime factors of o(-11)?
3, 13
Let s = 2 - -1. List the prime factors of (-55 - 5)*(-4)/s.
2, 5
Suppose 4*a - 3475 = -5*o, -2*o + 2*a + 1253 = -119. What are the prime factors of o?
691
Let o(s) = -s**2 - 11*s - 6. Let z(r) = -2*r + 5. Suppose 3 = f - 4. Let q be z(f). What are the prime factors of o(q)?
2, 3
Let x = -218 - -379. Let u = x - 111. List the prime factors of u.
2, 5
Suppose -4*l + 30 = 2*i + i, -i + 4*l = 6. What are the prime factors of (4/(-5))/(i/15) + 103?
101
Let s(a) = a**3 - 6*a**2 + 2*a - 9. Let q be s(6). Let b be (-2)/q + 238/(-21). Let y = 1 - b. List the prime factors of y.
13
Let f = 173 + -113. Let u = -2 - -6. Suppose 9*m = u*m + f. List the prime factors of m.
2, 3
Let r(f) = f**2 + 4*f + 1. Let v be r(4). Suppose v*j = 28*j + 305. List the prime factors of j.
61
Let z be (11/1)/(3/6). Let y = 44 - -8. Let a = z + y. What are the prime factors of a?
2, 37
What are the prime factors of (1 - 7)/(2*2/(-456))?
2, 3, 19
Let y(g) = 60*g**3 + 8*g**2 - 13*g - 5. What are the prime factors of y(4)?
3911
Let i = 1097 - 722. List the prime factors of i.
3, 5
Let n be 6/10 - (-36)/15. Suppose 9 = -4*j + n*i + 111, 3*i + 6 = 0. List the prime factors of j.
2, 3
Let p = -28 + 32. Suppose p*h - 405 = -h. Suppose 3*s = 2*o - 0*o - 54, -5*s + h = 3*o. What are the prime factors of o?
3
Suppose 0 = -4*h - h + 3820. List the prime factors of h.
2, 191
Let h be (-5 + 6)*(3 - 1). Suppose -2*n = -10, -n + 125 = h*p - 0*n. List the prime factors of p.
2, 3, 5
What are the prime factors of (3/(24/(-446)))/((-36)/864)?
2, 3, 223
Suppose 12 = 3*r - 0*r - 3*m, 4*r - 21 = 3*m. Suppose -469 = -r*w + 197. What are the prime factors of w?
2, 37
List the prime factors of -876*7*(-2 - (-12)/8).
2, 3, 7, 73
Suppose 28224 = -187*f + 208*f. List the prime factors of f.
2, 3, 7
Let n(j) = 4*j + j**3 - 1 - 28*j**2 - 20*j**2 + 23*j**2 + 2. What are the prime factors of n(25)?
101
Let l(r) = -3*r - 4. Let m be l(-12). Suppose -2*d - 24 - m = 0. What are the prime factors of (-1099)/d - 1/4?
3, 13
Suppose 9*i + 0*i = -9. What are the prime factors of 714/(-18)*(-1 - (3 + i))?
7, 17
Let x(w) = 20*w - 164. Let s(z) = 4*z - 33. Let r(f) = 11*s(f) - 2*x(f). List the prime factors of r(15).
5
Suppose 5*h - 4*c = 19, -3*c = 5*h - 4*c - 16. Suppose -p + h*p = 34. List the prime factors of p.
17
Let s be -3 + (3 - 10*2 - 0). What are the prime factors of s/15*((-9)/(-2))/(-3)?
2
Suppose 605 = -5*u - 2*c + 77, -3*u = c + 317. List the prime factors of 3 - u - (4 + 8/(-4)).
107
Let w = -1810 - -2787. List the prime factors of w.
977
Let l be 0 + 410/((-5)/(-1)). Let b = -40 + l. List the prime factors of b.
2, 3, 7
Let s = -12 + 12. Suppose -70 + s = -5*m. List the prime factors of m.
2, 7
Suppose 0 = -2*o - i - 16, o + 3 = 2*i - 0*i. Let j(a) = a**3 + 7*a**2 + 4*a + 16. Let g be j(o). Let u = 43 + g. List the prime factors of u.
31
Let f(s) be the second derivative of -3*s**5/20 - s**4/3 - s**3/6 - 5*s**2 - 3*s. List the prime factors of f(-4).
2, 61
Let j(d) be the second derivative of d**4/6 - 3*d**3/2 - 3*d**2/2 + 12*d. List the prime factors of j(6).
3, 5
Let q be ((-121)/(-22))/(1/2). Let t = q - 9. Suppose -2*i = -4*k + 45 + 51, 48 = 2*k - t*i. What are the prime factors of k?
2, 3
Suppose -507 = -l - 9*s + 8*s, -5*l + 4*s = -2517. What are the prime factors of l?
5, 101
List the prime factors of 1596469/341 - (-6)/22.
2, 2341
What are the prime factors of (40 - 14)/(2/20)?
2, 5, 13
Suppose b + 3*i - 2259 = 0, 0 = -2*i + 6 - 8. What are the prime factors of b?
2, 3, 13, 29
Suppose -2*h - 517 + 5407 = 0. What are the prime factors of h?
3, 5, 163
Suppose 0 = 2*d - 5704 + 328. List the prime factors of d.
2, 3, 7
Let h(z) = 90*z - 1. Let r(k) = k**2 - 8. Let d be r(-3). What are the prime factors of h(d)?
89
Let u be 3 - (-1)/(4/(-92)). Let j be ((-70)/u)/((-2)/(-8)). Suppose 0*z + j = z. What are the prime factors of z?
2, 7
Let m(o) = 507*o**2 + 17*o + 47. What are the prime factors of m(-3)?
47, 97
Let n = -1 - 0. Let a be -31 - (n - 0 - -3). Let q = 11 - a. What are the prime factors of q?
2, 11
Let s be -3 - (3 + -88) - -4. Let h = 184 - s. List the prime factors of h.
2, 7
Suppose -17121 = -3*n + 3*x, 4*n + 3*x = 28978 - 6157. What are the prime factors of n?
2, 3, 317
Suppose -5*u + 4*w + 3141 = 0, -11*u + 2*w + 1883 = -8*u. What are the prime factors of u?
5
Let o be (-20)/50*10/(-2). Let g(a) = 5*a**2 - 2*a + 1. Let l be g(o). Suppose -l = -5*w + 128. What are the prime factors of w?
29
Let p be 8 - (4/(-2) + 0). Suppose -3*w - 5*d + 5 - p = 0, 2*w - 3*d + 16 = 0. Let v = 23 + w. What are the prime factors of v?
2, 3
List the prime factors of -1 + 56/2 - (-158)/(-79).
5
Let y(f) = f**3 - 4*f**2 + 3*f. Let a be y(3). Suppose 0*p = -l - 4*p + 196, a = -l + 5*p + 205. What are the prime factors of l?
2, 5
Suppose -24*q = -14*q - 11040. List the prime factors of q.
2, 3, 23
Let p(q) = q**2 + q + 3*q**2 - 2 - 1 - 5*q**3 + 7. Let g be p(-3). Suppose -g + 72 = -5*b. What are the prime factors of b?
2, 5
Let m be (-11)/(33/6) - -8*3. Suppose -484 = 11*y - m*y. List the prime factors of y.
2, 11
Let c(j) = 3*j - 59. Let f be c(22). Suppose 0*k + 3*w = k - 8, 9 = k - 4*w. Suppose f*o - 18 = k*o. List the prime factors of o.
3
Suppose -105*t - 123 = -106*t - 3*g, 2*t - 4*g - 276 = 0. List the prime factors of t.
2, 3, 11
Suppose 2*t - 4*c - 230 = 224, 3*t = -c + 695. Suppose 121 = 4*o - t. What are the prime factors of o?
2, 11
Let z(w) = -4*w + 81. Let m be z(19). Suppose -m*x = 5*n - 1465, n - x = 242 + 61. List the prime factors of n.
2, 149
Suppose -5*q = -3*j + 2*j - 4001, -3 = 3*j. Suppose -h - 4*h = -q. What are the prime factors of h?
2, 5
Let v(h) = 3*h**2 + 13*h + 7. Let i be v(-12). Suppose 137 = 5*z - 3*z + r, 0 = 4*z - r - i. Suppose z = 2*d - 8. What are the prime factors of d?
3, 13
Let f be (-1 + -4)*(-12)/(-15). What are the prime factors of (8/f - 9)*-13?
11, 13
Suppose 255 = -2*i + 5*i. Let b = i + -60. List the prime factors of b.
5
Let x be (-54)/(-10) - 3/(-5). Suppose z = -3*u + 34, x*u - u + 4*z = 66. What are the prime factors of u?
2, 5
Let r = -655 + 1149. List the prime factors of r.
2, 13, 19
Let h = 1037 - 703. List the prime factors of h.
2, 167
Let u(k) = -84*k + 60. List the prime factors of u(-18).
2, 3, 131
Suppose -3 = -w - 0. Suppose w*j - 11 = 4. Let i(q) = 4*q**2 - 11*q - 4. What are the prime factors of i(j)?
41
Let q be (-4)/(-18) - 10/45. Suppose q = -2*n + 136 + 68. List the prime factors of n.
2, 3, 17
Let d be (-4)/(-14) - 472/(-14). Let v = -21 + d. Suppose 38 = -11*t + v*t. What are the prime factors of t?
19
Let s(f) = 3*f**2 - f. Let i = -46 + 23. Let u = -27 - i. What are the prime factors of s(u)?
2, 13
Let t(w) = 3*w + 2 - 8 - 1 - 3. Let k be (14/(-2))/(-1 + 0). List the prime factors of t(k).
11
Suppose -i - 4*z + 1493 = 0, 3*i + z - 3000 = i. What are the prime factors of i?
19, 79
Let w(l) = 6 + 2*l - 8 + 0 - 3*l. What are the prime factors of w(-17)?
3, 5
Let h(i) = -i**3 - 14*i**2 - 15*i + 12. Let o(v) = v**3 + 4*v**2 - 4*v - 8. Let s be o(-5). What are the prime factors of h(s)?
2, 19
Let i(x) = 13*x**2 - 7*x - 9. List the 